1. Determine h(a).
17
Let q(t) = -7*t**3 - 3*t**2 - 18*t + 9. Let b(a) = -10*a**3 - 3*a**2 - 25*a + 13. Let m(x) = 5*b(x) - 7*q(x). Give m(6).
8
Suppose 8*c - 13 = 11. Suppose -2*f = -0*f + c*f. Let a(v) = 3 + 12*v - 7*v + f*v. Calculate a(-4).
-17
Let q be 41400/(-1886) - 6/123. Let l(d) = 13*d**2 + 288*d + 48. Calculate l(q).
4
Let f = 571 + -568. Let a(j) = -f*j**2 + 3 - 4*j**2 + 129*j + 8*j**2 - 119*j. Determine a(-8).
-13
Let k be (9/6)/(-6 - 627/(-110)). Let m(r) = 2*r**2 + 12*r + 5. What is m(k)?
-5
Let b(x) = -x**2 - 154 + 54 + 9*x + 48 + 54. Calculate b(9).
2
Let i(k) = -k**3 - 13*k**2 + 13*k - 16. Let u = 176 + -131. Let l be (3/(u/(-42)))/(8/40). What is i(l)?
-2
Let x(s) = 11*s**3 - 1. Let l be ((-20)/(-15))/((-6)/(-8)*160/90). What is x(l)?
10
Let b = 9 - 4. Let c(t) = -t - 3 + b - 3 + 6*t**2. Let h be 97 + -90 - (7 + 0 + -2 + 3). Calculate c(h).
6
Let w(a) = -2*a - 24. Let d(f) = f - 35. Let t(h) = 6*d(h) - 3*w(h). Give t(11).
-6
Let m(u) = -2. Let s(l) = l + 23. Let d(h) = -2*h + 12. Let o be d(3). Suppose 0 - o = -3*n. Let y(p) = n*s(p) + 22*m(p). Calculate y(-5).
-8
Let y(a) = -14*a - 41. Let c = 6105 - 6107. Calculate y(c).
-13
Let g(o) = o**2 - 9*o - 84. Let m be g(15). Let n(p) = 7*p + 45. Let l(u) = -4*u - 23. Let d(q) = m*n(q) + 11*l(q). Calculate d(5).
7
Let m = 38 - 22. Let y(i) = 4*i - m + 24 - 5*i. Suppose -19*z = -125 + 11. Determine y(z).
2
Let v(a) = -5*a + a**2 + 21*a - 9*a + 2. Suppose 11*o = -53 + 9. Determine v(o).
-10
Let f = 4 + -2. Let a(g) = -f*g**3 + 1 + 1 + 4*g**2 + g**3. Let k(w) = 145*w**2 + 437*w + 9. Let r be k(-3). What is a(r)?
11
Let b(h) = -5*h + 1. Let p = 89 + -98. Let s = p - -11. What is b(s)?
-9
Let g(n) = 2*n**2 - n + 1. Let z be g(1). Let a = 0 + z. Let h(c) be the third derivative of c**5/60 - c**4/24 + c**3/6 - 220*c**2. What is h(a)?
3
Let a(b) = -b + 15. Let p(i) = -4*i - 5. Let t be p(-2). Let o be 4 - ((-1)/(-1) - t). Let f be a(o). Let s(x) = x**3 - 10*x**2 + 10*x - 3. Give s(f).
6
Let l(n) be the third derivative of -n**4/6 + 23*n**3/6 + 2*n**2 + 2270*n. Determine l(0).
23
Let p(l) = 109*l - 220*l + 90*l + 0 - 3. Calculate p(-3).
60
Suppose 300 = -2*l - q - 211, 0 = -5*l - 5*q - 1280. Let u be 2 + 16/(-6) + (-425)/l. Let n(v) = 11*v**2 + 0 - 2*v + 4 + 0 - 3. Calculate n(u).
10
Let r(q) = -2*q**3 + 46*q + q**2 - 3*q**3 - 11 + 6*q**3 + 24*q**2. Determine r(-23).
-11
Let m(i) = 3*i**2 + 101*i + 51. Let j be 33*-12*18/216. Give m(j).
-15
Let j(k) = 10*k - 26. Let y be -1 - (-6 + 6) - 2. Let b(n) = -4*n + 9. Let x(h) = y*j(h) - 8*b(h). Let l = -2 + -3. Determine x(l).
-4
Let n(v) be the first derivative of -v**5/20 - 2*v**4/3 - v**3 + v**2/2 + 206*v + 194. Let r(p) be the first derivative of n(p). What is r(-7)?
-6
Let c(q) = -q**3 + 5*q**2 + 6*q + 2. Let x be (-21 - -21) + (-1 - -45). Let a(v) = -v**3 + 7*v**2 + 6*v - 4. Let o be a(7). Let t = x - o. Calculate c(t).
2
Let m(w) = 3*w + 0*w**2 + 6*w + 2 + 7 + w**2. Let v be 8 + 4 + -13 - (-4 + 10). Determine m(v).
-5
Let v(s) = s + 1. Let m(g) = -4*g**2 + g + 7. Let u(d) = d**3 + 3*d**2 - 3. Let r be u(-3). Let w be m(r). Let x = w + 29. Determine v(x).
-2
Let d(w) = -27*w - 20 - 8 + w**2 - 8 - 9 + 7*w. Calculate d(23).
24
Let d(f) = -4*f**2 + 190*f + 8 + 4*f**2 - 93*f - f**2 - 82*f. Calculate d(15).
8
Let p(c) = -8*c + 252. Let d be p(33). Let l(h) = -h**3 - 7*h**2 + 59*h - 10. Calculate l(d).
2
Suppose 16 = -4*f, 51 + 223 = -v - 5*f. Let s = 244 + v. Let u(o) = 3*o - 7. Calculate u(s).
-37
Let b(i) = 55*i - 3. Let v(r) = 11*r**3 + 121*r**2 + 3*r + 32. Let t be v(-11). Determine b(t).
-58
Let h(s) be the first derivative of 4*s**3/3 - s**2 - 4*s - 6457. Give h(-2).
16
Let w = 4515 - 3150. Let z(v) = 675 - w + 6*v + 664 - 3*v. Calculate z(9).
1
Let c(t) = -1 + 3*t**2 - 2*t + t**3 + 2 + t. Let w be ((-2)/14 - -1)/(3/14). Let l be w*(-13)/((-208)/(-12)). Determine c(l).
4
Let n(l) = l**3 + 6*l**2 + l + 7. Let t = 106 - 101. Suppose -3*q - 16 = 2*z, 2*q + 13 + 4 = t*z. Determine n(q).
1
Let h(v) = 12*v**3 - v**2 + 3*v - 5. Let j be 182/1001 + ((-4)/110)/(2/(-100)). Calculate h(j).
93
Let p be -6*1/(-5)*(-95)/(-57). Let u(f) = f**2 - 2*f**p + 2*f**2 - 8. Let k be 3 + 0 + -1 + -2. Calculate u(k).
-8
Let p be (2 - 1)*((-16)/(-2) - -9) - 3. Let w(m) = -m**3 + 14*m**2 - 3*m + 57. Determine w(p).
15
Let k = -670 - -650. Let h be 8/k + 0 + 10/25. Let m(b) = b + 1. Calculate m(h).
1
Let j(c) = c**2 + 2*c + 1. Let y(h) = 2*h**2 - 13 + 2*h - 2*h + 18 + h. Let n(u) = -3*j(u) + y(u). Determine n(-6).
-4
Let b(x) = x**2 - 12*x + 24. Let w be -4*2 + 8/(-16)*1*-26. Determine b(w).
-11
Let n(p) = -5*p. Suppose 0 = 5*c - 9 - 6. Suppose 5 = -j, -3*m + c*j + 47 = 5*j. Let b = -18 + m. What is n(b)?
-5
Let i(o) = -2*o - 6. Suppose -5*s - t = -24 + 2, 24 = 5*s + 2*t. Suppose -4 = 4*q - 7*q + 5*z, -3*q - 2*z - 31 = 0. Let m be ((-10)/s)/(q/(-14)). Give i(m).
4
Let z(t) = t**2 - 3*t - 8. Let w be 20/(-6)*(504/40)/7. What is z(w)?
46
Suppose 0 = 2*x - 4 - 10. Let c(f) = 33. Let g(a) = 2*a + 264. Let i(r) = -17*c(r) + 2*g(r). Let z be i(x). Let y(m) = m + 7. What is y(z)?
2
Let s(y) = 4*y - 3. Let d = 430 - 421. What is s(d)?
33
Let c(g) be the third derivative of -g**6/180 + g**5/120 + g**4/12 + 2*g**3 + 43*g**2. Let x(t) be the second derivative of c(t). Calculate x(-2).
9
Let p = 3724 - 3731. Let h(b) = -b**2 + 10 - 2 - 7*b + 0. Let y(v) = 3*v**2 + 22*v - 24. Let n(o) = 7*h(o) + 2*y(o). Determine n(p).
-6
Let l(i) = i**3 + 5*i**2 + 8*i + 13. Let d be l(-4). Let o be 10/(-2)*d*7/35. Let n(m) = -m**2 + 2*m + 3. Give n(o).
0
Let p(d) = 2*d - 5. Suppose 3*k - 39 = -5*a, 0 = 4*a + 4*k - 20 - 16. Let w(v) = 407*v + 11 + 405*v - 816*v. Let l(t) = a*w(t) + 13*p(t). What is l(1)?
3
Let i(a) = -a**3 + 7*a**2 - 11*a + 31. Let p = 3192 - 3186. Calculate i(p).
1
Let f be (4 + -1 + 0/2)*(-322)/(-69). Let n(m) be the second derivative of -m**4/12 + 7*m**3/3 - 13*m**2/2 + 17*m. Give n(f).
-13
Suppose -5*z = 5 - 15. Suppose -4*t - 48 = -3*l - 10, -z*l - 2*t = -44. Let x(g) = -g**2 - 14 + 0*g**2 + l. Calculate x(3).
-5
Suppose -5*k + 3*c - 20 = 4*c, -5*k = 3*c + 20. Let m(j) = j**2 - 13*j + 17. Let n be m(-12). Let t(z) = 3*z + n - 317. Calculate t(k).
-12
Let s(a) = 4*a**2 - 18*a - 48. Let o(h) = 5*h**2 - 19*h - 49. Let l(d) = -3*o(d) + 4*s(d). Let n be l(18). Let k(t) = 2*t - 1. What is k(n)?
17
Let l = 95 - 93. Let n(g) = l*g + 3*g - 2660 + 2659. Suppose 0 = r - 2. Calculate n(r).
9
Let f(d) = 58 + 914031*d + d**2 - 914050*d - 22. Determine f(12).
-48
Let o(c) = -c**2 - 4*c + 70. Let z(s) = 40*s - 314. Let t be z(8). Determine o(t).
10
Let j(y) = 2*y**3 + y**2 - 14*y - 5. Let u be j(3). Let d(q) = 2*q**2 - 31*q - 25. Determine d(u).
-9
Let y be (-6)/10*(-11 + (-588)/(-63)). Let r(s) = -35*s**2. Give r(y).
-35
Let z(j) = j**3 - 4*j**2 - 23*j + 3. Suppose -364 = 4024*m - 4076*m. Calculate z(m).
-11
Let u(v) = -v**2 - 3*v + 1. Let i be -581*6/(-18) - (-6)/(-9). Let z = i - 197. Give u(z).
-3
Let u(d) = -10*d + 31059 - 15447 - 15361. What is u(25)?
1
Let o(b) = -10*b - 822 + 16*b + 418 + 9*b + 418. Give o(-4).
-46
Let l(f) = 6*f - 2 + 1 + 2*f**2 + 0*f**2 - f**3. Let s = -291 - -296. Suppose -s*k = -19*k + 56. Calculate l(k).
-9
Let z(f) = -43 - 42 + f - 45 - 49 + 171. Determine z(-3).
-11
Let o(r) = r**2 - 22*r - 100. Let d = 3571 + -3545. Determine o(d).
4
Let c(h) be the second derivative of -h**5/10 - h**4/2 - h**3/2 + 4*h**2 + 960*h. Determine c(-2).
6
Let k(z) = -2*z + 30. Suppose 10*h - 13*h + 36 = -m, 0 = -3*m. Give k(h).
6
Let s(h) be the second derivative of h**3/6 - h**2 + 2213*h + 1. Suppose -2*j - 3*c = -j - 11, -5*c = -2*j. Determine s(j).
3
Let g = -24140 + 24139. Let u(h) be the first derivative of -3*h**4/4 - 2*h**3/3 + h - 2. Give u(g).
2
Let q(a) be the second derivative of a**4/24 + 7*a**3/6 + 42*a**2 - 6*a - 2. Let x(g) be the first derivative of q(g). Determine x(-8).
-1
Let v(k) = -k**2 - 6*k + 2. Let y(h) = -h**3 - h**2 + h - 1. Let r(l) = l**3 - 17*l**2 - 19*l + 26. Let f(o) = -r(o) - 2*y(o). Let j be f(-18). Give v(j).
2
Let p = 35 - 39. Let o(q) = -3*q**2 - 31*q - 47. Let i(n) = -2*n**2 - 20*n - 30. Let b(u) = -8*i(u) + 5*o(u). Calculate b(p).
1
Let p = -22 - -13. Let q be ((-6)/p)/((-4)/(-108)). Suppose -a + 4*s + q = -3*a, a - 2*s = -5. Let f(c) = -